{"id":2229,"date":"2022-11-03T23:16:33","date_gmt":"2022-11-03T23:16:33","guid":{"rendered":"https:\/\/narnihs.org\/?page_id=2229"},"modified":"2024-04-05T02:45:47","modified_gmt":"2024-04-05T02:45:47","slug":"about-2023-incubator","status":"publish","type":"page","link":"https:\/\/narnihs.org\/?page_id=2229","title":{"rendered":"About 2023 Incubator"},"content":{"rendered":"<p>The North American Research Network in Historical Sociolinguistics (NARNiHS) will hold its fifth annual <strong><em>NARNiHS Research Incubator<\/em><\/strong>, 20-22 April 2023.<\/p>\n<p>The 2023 NARNiHS Research Incubator will take place as an <strong>entirely online<\/strong> event. This presents a great opportunity for scholars in historical sociolinguistics from all over the world to participate as presenters and\/or attendees without the limitations imposed by international travel, and we encourage our fellow historical sociolinguists, and scholars from related fields, from our global scholarly community (in addition to North America), to join us for our Research Incubator this coming spring.<\/p>\n<p><strong>All NARNiHS members welcome!\u00a0\u00a0Not a NARNiHS member yet?<\/strong><br \/>\n<em>Follow these easy instructions to sign up for membership: <a href=\"https:\/\/narnihs.org\/?page_id=2\">https:\/\/narnihs.org\/?page_id=2<\/a><\/em><\/p>\n<p>&gt;&gt; <a href=\"https:\/\/narnihs.org\/?page_id=2232\"><span style=\"color: #339966;\"><strong>Call for Abstracts<\/strong><\/span><\/a> &lt;&lt;<br \/>\n&gt;&gt; <a href=\"https:\/\/narnihs.org\/?page_id=2409\"><span style=\"color: #339966;\"><strong>Conference Program<\/strong><\/span><\/a> &lt;&lt;<\/p>\n<p><span style=\"text-decoration: underline;\">Organizing Committee<\/span><br \/>\nSandrine Tailleur, Universit\u00e9 du Qu\u00e9bec \u00e0 Chicoutimi.<br \/>\nCarolina Amador-Moreno, Universitetet i Bergen.<br \/>\nIsrael Sanz-S\u00e1nchez, West Chester University.<\/p>\n<p><span style=\"text-decoration: underline;\">Scientific Committee<\/span><br \/>\nCarolina Amador-Moreno, Universitetet i Bergen.<br \/>\nJoshua Bousquette, University of Georgia.<br \/>\nMark Richard Lauersdorf, University of Kentucky.<br \/>\nSam[antha] Litty, Europa-Universit\u00e4t Flensburg.<br \/>\nIsrael Sanz-S\u00e1nchez, West Chester University.<br \/>\nNandi Sims, Florida International University.<br \/>\nSandrine Tailleur, Universit\u00e9 du Qu\u00e9bec \u00e0 Chicoutimi.<br \/>\nDonald Tuten, Emory University.<br \/>\nJenelle Thomas, University of Oxford.<br \/>\nKelly E. Wright, University of Michigan.<\/p>\n","protected":false},"excerpt":{"rendered":"<p>The North American Research Network in Historical Sociolinguistics (NARNiHS) will hold its fifth annual NARNiHS Research Incubator, 20-22 April 2023. The 2023 NARNiHS Research Incubator will take place as an entirely online event. This presents a great opportunity for scholars in historical sociolinguistics from all over the world to participate as presenters and\/or attendees without &hellip; <\/p>\n<p class=\"link-more\"><a href=\"https:\/\/narnihs.org\/?page_id=2229\" class=\"more-link\">Continue reading<span class=\"screen-reader-text\"> &#8220;About 2023 Incubator&#8221;<\/span><\/a><\/p>\n","protected":false},"author":4,"featured_media":0,"parent":2224,"menu_order":0,"comment_status":"closed","ping_status":"closed","template":"","meta":{"footnotes":""},"class_list":["post-2229","page","type-page","status-publish","hentry"],"_links":{"self":[{"href":"https:\/\/narnihs.org\/index.php?rest_route=\/wp\/v2\/pages\/2229","targetHints":{"allow":["GET"]}}],"collection":[{"href":"https:\/\/narnihs.org\/index.php?rest_route=\/wp\/v2\/pages"}],"about":[{"href":"https:\/\/narnihs.org\/index.php?rest_route=\/wp\/v2\/types\/page"}],"author":[{"embeddable":true,"href":"https:\/\/narnihs.org\/index.php?rest_route=\/wp\/v2\/users\/4"}],"replies":[{"embeddable":true,"href":"https:\/\/narnihs.org\/index.php?rest_route=%2Fwp%2Fv2%2Fcomments&post=2229"}],"version-history":[{"count":6,"href":"https:\/\/narnihs.org\/index.php?rest_route=\/wp\/v2\/pages\/2229\/revisions"}],"predecessor-version":[{"id":2813,"href":"https:\/\/narnihs.org\/index.php?rest_route=\/wp\/v2\/pages\/2229\/revisions\/2813"}],"up":[{"embeddable":true,"href":"https:\/\/narnihs.org\/index.php?rest_route=\/wp\/v2\/pages\/2224"}],"wp:attachment":[{"href":"https:\/\/narnihs.org\/index.php?rest_route=%2Fwp%2Fv2%2Fmedia&parent=2229"}],"curies":[{"name":"wp","href":"https:\/\/api.w.org\/{rel}","templated":true}]}}