{"id":3075,"date":"2025-04-19T02:32:04","date_gmt":"2025-04-19T02:32:04","guid":{"rendered":"https:\/\/narnihs.org\/?page_id=3075"},"modified":"2025-04-27T13:05:56","modified_gmt":"2025-04-27T13:05:56","slug":"program-2025-incubator","status":"publish","type":"page","link":"https:\/\/narnihs.org\/?page_id=3075","title":{"rendered":"Program: 2025 Incubator"},"content":{"rendered":"<h2><strong><span style=\"color: #339966;\">Official Program for the<br \/>\n2025 NARNiHS Research Incubator<\/span><\/strong><\/h2>\n<p><span style=\"font-size: 14pt;\"><strong>North American Research Network in Historical Sociolinguistics <\/strong><\/span><br \/>\n<span style=\"font-size: 14pt;\"><strong><em>2025 Research Incubator<\/em><\/strong><\/span><br \/>\n<span style=\"font-size: 14pt;\"><strong><em>25-27 April 2025<\/em><\/strong><\/span><\/p>\n<p><span style=\"font-size: 14pt; color: #ff0000;\"><strong>Entirely online via video-conference!<\/strong><\/span><\/p>\n<p><strong>All NARNiHS members welcome!\u00a0\u00a0Not a NARNiHS member yet?<\/strong><br \/>\n<em>Follow these easy instructions to sign up for membership: <a href=\"https:\/\/narnihs.org\/?page_id=2\">https:\/\/narnihs.org\/?page_id=2<\/a><\/em><\/p>\n<p><strong>==&gt;<\/strong> download the official <a href=\"https:\/\/narnihs.org\/wp-content\/uploads\/2025\/04\/NARNiHS_2025ResearchIncubator_Program.pdf\" target=\"_blank\" rel=\"noopener\">2025 Research Incubator program as PDF<\/a><\/p>\n<p>\u2014\u2014\u2014\u2014\u2014\u2014\u2014\u2014\u2014\u2014\u2014\u2014\u2014\u2014\u2014\u2014\u2014\u2014\u2014\u2014\u2014\u2014\u2014\u2014\u2014\u2014\u2014\u2014\u2014\u2014\u2014\u2014\u2014\u2014\u2014<\/p>\n<p><span style=\"text-decoration: underline;\"><strong><span style=\"font-size: 13pt;\">Friday, 25 April 2025<\/span><\/strong><\/span> <em><span style=\"color: #ff0000;\">\u2013 all baseline times are U.S. Eastern Time<\/span><\/em><\/p>\n<p>08:30-09:00\u00a0\u00a0<span style=\"font-size: 9pt;\"><em>(05:30-06:00 Seattle ; 14:30-15:00 Madrid)<\/em><\/span><br \/>\n<strong>Zoom room open for casual conversation<\/strong><br \/>\n<strong>8:55 \u2013 Opening remarks<\/strong> <em>\u2013 Kelly Elizabeth Wright | NARNiHS Convenor<\/em><\/p>\n<p>\u2014\u2014\u2014\u2014\u2014\u2014\u2014\u2014\u2014\u2014<\/p>\n<p><strong><span style=\"color: #339966; font-size: 13pt;\">Session 1: Representing People and Place<\/span><br \/>\n<span style=\"color: #339966; font-size: 11pt;\">Chair: Carolina Amador-Moreno, Universidad de Extremadura, Spain<\/span><\/strong><\/p>\n<p>09:00-09:30\u00a0\u00a0<span style=\"font-size: 9pt;\"><em>(06:00-06:30 Seattle ; 15:00-15:30 Palma)<\/em><\/span><br \/>\n<strong>Towards a historical sociolinguistics of medieval Spanish: The Historical Atlas of Spanish<\/strong><br \/>\n<em>\u2013 Andr\u00e9s Enrique-Arias &#8211; University of the Balearic Islands, Spain<\/em><\/p>\n<p>09:30-10:00\u00a0\u00a0<span style=\"font-size: 9pt;\"><em>(06:30-07:00 Seattle ; 15:30-16:00 Sarajevo)<\/em><\/span><br \/>\n<strong>The manifestations of face and the speech act of request in medieval diplomatic discourse<\/strong><br \/>\n<em>\u2013 Ana Lali\u0107 &#8211; University of Sarajevo, Bosnia and Herzegovina<\/em><\/p>\n<p>10:00-10:30\u00a0\u00a0<span style=\"font-size: 9pt;\"><em>(07:00-07:30 Seattle ; 16:00-16:30 Brussels)<\/em><\/span><br \/>\n<strong>Bridging dialect and language contact approaches: A sociolinguistic study of Fin-de-Si\u00e8cle Brussels (1865-1914)<\/strong><br \/>\n<em>\u2013 Emma Lambrecht &#8211; Vrije Universiteit Brussel, Belgium<\/em><\/p>\n<p>10:30-11:00\u00a0\u00a0<span style=\"font-size: 9pt;\"><em>(07:30-08:00 Seattle ; 16:30-17:00 Madrid)<\/em><\/span><br \/>\n<strong>Break<\/strong><\/p>\n<p>11:00-12:00\u00a0\u00a0<span style=\"font-size: 9pt;\"><em>(08:00-09:00 Seattle ; 17:00-18:00 Madrid)<\/em><\/span><br \/>\n<strong>Incubation of ideas from the panel<\/strong> &#8211; collaborative brainstorming and collective discussion<br \/>\n<em>\u2013 [1 hour] led by: Carolina Amador-Moreno<\/em><\/p>\n<p>\u2014\u2014\u2014\u2014\u2014\u2014\u2014\u2014\u2014\u2014<\/p>\n<p><strong><span style=\"color: #339966; font-size: 13pt;\">Session 2: Quantifying Ideology<\/span><br \/>\n<span style=\"color: #339966; font-size: 11pt;\">Chair: Kelly Elizabeth Wright, University of Wisconsin-Madison, USA<\/span><\/strong><\/p>\n<p>12:00-12:30\u00a0\u00a0<span style=\"font-size: 9pt;\"><em>(09:00-09:30 Seattle ; 18:00-18:30 Flensburg)<\/em><\/span><br \/>\n<strong>Future teachers\u2019 perception(s) of language in the 19th century Duchy of Schleswig<\/strong><br \/>\n<em>\u2013 Andre Hermann &#8211; Europa-Universit\u00e4t Flensburg, Germany<\/em><\/p>\n<p>12:30-13:00\u00a0\u00a0<span style=\"font-size: 9pt;\"><em>(09:30-10:00 Seattle ; 18:30-19:00 Madrid)<\/em><\/span><br \/>\n<strong>Zooming in, zooming out: The spread of linguistic variables in epigraphic Mayan seen from multiple perspectives<\/strong><br \/>\n<em>\u2013 David Mora-Mar\u00edn &#8211; University of North Carolina at Chapel Hill, USA<\/em><\/p>\n<p>13:00-13:30\u00a0\u00a0<span style=\"font-size: 9pt;\"><em>(10:00-10:30 Berkeley ; 19:00-19:30 Madrid)<\/em><\/span><br \/>\n<strong>A feature-set analysis of Mark Twain\u2019s epistolary corpus<\/strong><br \/>\n<em>\u2013 Madeleine Strait &#8211; University of California, Berkeley, USA<\/em><\/p>\n<p>13:30-14:00\u00a0\u00a0<span style=\"font-size: 9pt;\"><em>(10:30-11:00 Seattle ; 19:30-20:00 Madrid)<\/em><\/span><br \/>\n<strong>Break<\/strong><\/p>\n<p>14:00-15:00\u00a0\u00a0<span style=\"font-size: 9pt;\"><em>(11:00-12:00 Seattle ; 20:00-21:00 Madrid)<\/em><\/span><br \/>\n<strong>Incubation of ideas from the panel<\/strong> &#8211; collaborative brainstorming and collective discussion<br \/>\n<em>\u2013 [1 hour] led by: Kelly Elizabeth Wright<\/em><\/p>\n<p>\u2014\u2014\u2014\u2014\u2014\u2014\u2014\u2014\u2014\u2014\u2014\u2014\u2014\u2014\u2014\u2014\u2014\u2014\u2014\u2014\u2014\u2014\u2014\u2014\u2014\u2014\u2014\u2014\u2014\u2014\u2014\u2014\u2014\u2014\u2014<\/p>\n<p><span style=\"text-decoration: underline;\"><strong><span style=\"font-size: 13pt;\">Saturday, 26 April 2025<\/span><\/strong><\/span> <em><span style=\"color: #ff0000;\">\u2013 all baseline times are U.S. Eastern Time<\/span><\/em><\/p>\n<p><strong><span style=\"color: #339966; font-size: 13pt;\">Session 3: Roundtable \u2013 Why Does Historical Sociolinguistics Matter?<\/span><br \/>\n<span style=\"color: #339966; font-size: 11pt;\">Discussant: Joseph Salmons, University of Wisconsin-Madison, USA<\/span><\/strong><\/p>\n<p>09:00-10:30\u00a0\u00a0<span style=\"font-size: 9pt;\"><em>(06:00-07:30 Seattle ; 15:00-16:30 Madrid ; 16:00-17:30 \u00c5land)<\/em><\/span><br \/>\n<strong>Panelists:<\/strong><br \/>\nDavid Mora-Mar\u00edn &#8211; University of North Carolina at Chapel Hill, USA<br \/>\nSandrine Tailleur &#8211; Universit\u00e9 du Qu\u00e9bec \u00e0 Chicoutimi, Canada<br \/>\nKelly Elizabeth Wright &#8211; University of Wisconsin\u2013Madison, USA<\/p>\n<p>10:30-11:30\u00a0\u00a0<span style=\"font-size: 9pt;\"><em>(07:30-08:30 Seattle ; 16:30-17:30 Madrid)<\/em><\/span><br \/>\n<strong>Break<\/strong><\/p>\n<p><strong><span style=\"color: #339966; font-size: 13pt;\">Session 4: Cultural and Linguistic Constraints<\/span><br \/>\n<span style=\"color: #339966; font-size: 11pt;\">Chair: Mark Richard Lauersdorf, University of Kentucky, USA<\/span><\/strong><\/p>\n<p><s>11:00-11:30\u00a0\u00a0<span style=\"font-size: 9pt;\"><em>(08:00-08:30 Seattle ; 10:00-10:30 Urbana-Champaign ; 17:00-17:30 Madrid)<\/em><\/span><\/s><br \/>\n<strong><s>Tracing discourses of deviance: Media narratives of (homo)sexuality in Montreal after the Quebec Quiet Revolution (1969-1977)<\/s><\/strong><br \/>\n<em><s>\u2013 Robin Turner &#8211; University of Illinois Urbana-Champaign, USA<\/s><\/em><\/p>\n<p>11:30-12:00\u00a0\u00a0<span style=\"font-size: 9pt;\"><em>(08:30-09:00 Seattle ; 17:30-18:00 Madrid)<\/em><\/span><br \/>\n<strong>Looking back on Acadian French: Variation in preverbal negation and first-person plural reference<\/strong><br \/>\n<em>\u2013 Philip Comeau &#8211; Universit\u00e9 du Qu\u00e9bec \u00e0 Montr\u00e9al, Canada<\/em><\/p>\n<p>12:00-12:30\u00a0\u00a0<span style=\"font-size: 9pt;\"><em>(09:00-09:30 Seattle ; 11:00-11:30 Central ; 18:00-18:30 Madrid)<\/em><\/span><br \/>\n<strong>Liturgy and language change: Translated ritual speech in colonial Poqom<\/strong><br \/>\n<em>\u2013 James Tandy &#8211; Independent Scholar, USA<\/em><\/p>\n<p>12:30-13:00\u00a0\u00a0<span style=\"font-size: 9pt;\"><em>(09:30-10:00 Seattle ; 18:30-19:00 Madrid)<\/em><\/span><br \/>\n<strong>Break<\/strong><\/p>\n<p>13:00-14:00\u00a0\u00a0<span style=\"font-size: 9pt;\"><em>(10:00-11:00 Madison ; 19:00-20:00 Madrid)<\/em><\/span><br \/>\n<strong>Incubation of ideas from the panel<\/strong> &#8211; collaborative brainstorming and collective discussion<br \/>\n<em>\u2013 [1 hour] led by: Mark Richard Lauersdorf<\/em><\/p>\n<p>\u2014\u2014\u2014\u2014\u2014\u2014\u2014\u2014\u2014\u2014\u2014\u2014\u2014\u2014\u2014\u2014\u2014\u2014\u2014\u2014\u2014\u2014\u2014\u2014\u2014\u2014\u2014\u2014\u2014\u2014\u2014\u2014\u2014\u2014\u2014<\/p>\n<p><span style=\"text-decoration: underline;\"><strong><span style=\"font-size: 13pt;\">Sunday, 27 April 2025<\/span><\/strong><\/span> <em><span style=\"color: #ff0000;\">\u2013 all baseline times are U.S. Eastern Time<\/span><\/em><\/p>\n<p><strong><span style=\"color: #339966; font-size: 13pt;\">Session 5: Mixed Methods for the Analysis of Variation<\/span><br \/>\n<span style=\"color: #339966; font-size: 11pt;\">Chair: Joshua Bousquette, University of Georgia, USA<\/span><\/strong><\/p>\n<p>09:00-09:30\u00a0\u00a0<span style=\"font-size: 9pt;\"><em>(06:00-06:30 Seattle ; 15:00-15:30 Jean)<\/em><\/span><br \/>\n<strong>Convergence of standard Ukrainian varieties in XX century<\/strong><br \/>\n<em>\u2013 Natalia Cheilytko &#8211; Friedrich Schiller University, Germany<\/em><\/p>\n<p><s>09:30-10:00\u00a0\u00a0<span style=\"font-size: 9pt;\"><em>(06:30-07:00 Seattle ; 15:30-16:00 Z\u00fcrich)<\/em><\/span><\/s><br \/>\n<s><strong>Th-stopping in Anglo-Canadians and NunatuKavut communities: A historical sociolinguistic perspective<\/strong><\/s><br \/>\n<s><em>\u2013 Vicky Loras &#8211; University of Zurich, Switzerland<\/em><\/s><br \/>\n<strong><em>[a video version of this presentation will be shared after the conference]<\/em><\/strong><\/p>\n<p>10:00-10:30\u00a0\u00a0<span style=\"font-size: 9pt;\"><em>(07:00-07:30 Victoria ; 16:00-16:30 Madrid)<\/em><\/span><br \/>\n<strong>&#8220;I think they said that Cedar Hill was the original Mount Doug\u2026&#8221;: Sociolinguistic variation over time in English evidential verbs<\/strong><br \/>\n<em>\u2013 Jamie Buckley &#8211; University of Victoria, Canada<\/em><\/p>\n<p>10:30-11:00\u00a0\u00a0<span style=\"font-size: 9pt;\"><em>(07:30-08:00 Seattle ; 16:30-17:00 Madrid)<\/em><\/span><br \/>\n<strong>Break<\/strong><\/p>\n<p>11:00-12:00\u00a0\u00a0<span style=\"font-size: 9pt;\"><em>(08:00-09:00 Seattle ; 17:00-18:00 Madrid)<\/em><\/span><br \/>\n<strong>Incubation of ideas from the panel<\/strong> &#8211; collaborative brainstorming and collective discussion<br \/>\n<em>\u2013 [1 hour] led by: Joshua Bousquette<\/em><\/p>\n<p>\u2014\u2014\u2014\u2014\u2014\u2014\u2014\u2014\u2014\u2014<\/p>\n<p><strong><span style=\"color: #339966; font-size: 13pt;\">Session 6: Illustrative Text Types<\/span><br \/>\n<span style=\"color: #339966; font-size: 11pt;\">Chair: Aaron Yamada, Louisiana State University, USA<\/span><\/strong><\/p>\n<p>12:00-12:30\u00a0\u00a0<span style=\"font-size: 9pt;\"><em>(09:00-09:30 Seattle ; 18:00-18:30 Gent)<\/em><\/span><br \/>\n<strong>Language and society in ancient comedy: Sociolinguistic perspectives on conversational strategies (Pseudolus 574-594, 1246-1270; Adelphoe 88-97)<\/strong><br \/>\n<em>\u2013 Veronica Papotti &#8211; Universiteit Gent, Belgium<\/em><\/p>\n<p>12:30-13:00\u00a0\u00a0<span style=\"font-size: 9pt;\"><em>(09:30-10:00 Seattle ; 18:30-19:00 Gent)<\/em><\/span><br \/>\n<strong>Ancient Greek dialects through the lens of third-wave sociolinguistics<\/strong><br \/>\n<em>\u2013 Dalia Pratali Maffei &#8211; Universiteit Gent, Belgium<\/em><\/p>\n<p>13:00-13:30\u00a0\u00a0<span style=\"font-size: 9pt;\"><em>(10:00-10:30 Seattle ; 19:00-19:30 Madrid)<\/em><\/span><br \/>\n<strong>Break<\/strong><\/p>\n<p>13:30-14:30\u00a0\u00a0<span style=\"font-size: 9pt;\"><em>(10:30-11:30 Seattle ; 19:30-20:30 Madrid)<\/em><\/span><br \/>\n<strong>Incubation of ideas from the panel<\/strong> &#8211; collaborative brainstorming and collective discussion<br \/>\n<em>\u2013 [1 hour] led by: Aaron Yamada<\/em><\/p>\n","protected":false},"excerpt":{"rendered":"<p>Official Program for the 2025 NARNiHS Research Incubator North American Research Network in Historical Sociolinguistics 2025 Research Incubator 25-27 April 2025 Entirely online via video-conference! All NARNiHS members welcome!\u00a0\u00a0Not a NARNiHS member yet? Follow these easy instructions to sign up for membership: https:\/\/narnihs.org\/?page_id=2 ==&gt; download the official 2025 Research Incubator program as PDF \u2014\u2014\u2014\u2014\u2014\u2014\u2014\u2014\u2014\u2014\u2014\u2014\u2014\u2014\u2014\u2014\u2014\u2014\u2014\u2014\u2014\u2014\u2014\u2014\u2014\u2014\u2014\u2014\u2014\u2014\u2014\u2014\u2014\u2014\u2014 Friday, &hellip; <\/p>\n<p class=\"link-more\"><a href=\"https:\/\/narnihs.org\/?page_id=3075\" class=\"more-link\">Continue reading<span class=\"screen-reader-text\"> &#8220;Program: 2025 Incubator&#8221;<\/span><\/a><\/p>\n","protected":false},"author":4,"featured_media":0,"parent":2923,"menu_order":0,"comment_status":"closed","ping_status":"closed","template":"","meta":{"footnotes":""},"class_list":["post-3075","page","type-page","status-publish","hentry"],"_links":{"self":[{"href":"https:\/\/narnihs.org\/index.php?rest_route=\/wp\/v2\/pages\/3075","targetHints":{"allow":["GET"]}}],"collection":[{"href":"https:\/\/narnihs.org\/index.php?rest_route=\/wp\/v2\/pages"}],"about":[{"href":"https:\/\/narnihs.org\/index.php?rest_route=\/wp\/v2\/types\/page"}],"author":[{"embeddable":true,"href":"https:\/\/narnihs.org\/index.php?rest_route=\/wp\/v2\/users\/4"}],"replies":[{"embeddable":true,"href":"https:\/\/narnihs.org\/index.php?rest_route=%2Fwp%2Fv2%2Fcomments&post=3075"}],"version-history":[{"count":26,"href":"https:\/\/narnihs.org\/index.php?rest_route=\/wp\/v2\/pages\/3075\/revisions"}],"predecessor-version":[{"id":3119,"href":"https:\/\/narnihs.org\/index.php?rest_route=\/wp\/v2\/pages\/3075\/revisions\/3119"}],"up":[{"embeddable":true,"href":"https:\/\/narnihs.org\/index.php?rest_route=\/wp\/v2\/pages\/2923"}],"wp:attachment":[{"href":"https:\/\/narnihs.org\/index.php?rest_route=%2Fwp%2Fv2%2Fmedia&parent=3075"}],"curies":[{"name":"wp","href":"https:\/\/api.w.org\/{rel}","templated":true}]}}